0 - h**4/3 - h**3/6 + 3*h**2/2 + 7*h. What is the tens digit of k(-5)?
3
Let i = 92 - 90. What is the hundreds digit of ((-244)/(-10))/(i*7/70)?
1
Suppose 120 = -8*d + 13*d. Let v(y) = y**2 + 6*y - 3. Let p be v(-5). Let j = d + p. What is the units digit of j?
6
What is the hundreds digit of (-65)/(297/(-144) - (-6)/3)?
0
Suppose 0 = -2*h + 7*h. Suppose 0*g + l = 4*g + 31, -3*g + 4*l - 33 = h. What is the units digit of -16*(14/4)/g?
8
Suppose -4*x - 104 + 32 = 0. Let i be 2/(-9) + (-4)/x. Suppose -q - 20 = -5*v, i*v + v + 5*q - 30 = 0. What is the units digit of v?
5
Suppose -224 = 3*m + 5*m. Let q = m - -148. What is the units digit of q?
0
Let a = -54 - -64. Suppose a*d + 505 = 15*d. What is the tens digit of d?
0
Let x(a) be the first derivative of 11*a**3 - 5*a**2/2 + a + 18. What is the units digit of x(2)?
3
Let k(l) = -84*l + 2. What is the hundreds digit of k(-2)?
1
Suppose 54*f = 52*f + 9376. What is the thousands digit of f?
4
Suppose 2*k - 107 + 31 = -b, 0 = -2*k - 5*b + 68. Let g = 59 - k. What is the units digit of g?
0
Suppose 3*a - 18 + 9 = 0. What is the units digit of (1/a)/(8/24)?
1
Suppose -2*t = t - 2*s + 49, -5*t = -4*s + 85. Let y = 63 - t. What is the units digit of y?
6
Let z(f) = 10*f**2 + 9*f - 13. Suppose -47*o = -45*o - 10. What is the hundreds digit of z(o)?
2
Suppose 3*q + 4*u = 1782, q + 3*u = 7*u + 578. What is the units digit of q?
0
Let v(q) = q + 9. Suppose -2*t = 2*t + 24. Let i be v(t). Suppose i*j + n - 83 = 0, 0*n = 4*j - 2*n - 104. What is the units digit of j?
7
Let g(h) be the third derivative of h**6/60 + h**5/30 - h**4/24 + 2*h**2 + 8*h. Suppose 0 = 3*n - 1 - 2. What is the units digit of g(n)?
3
Suppose 0 = 3*q - 4*q + 5*f + 478, 2027 = 4*q + 3*f. What is the hundreds digit of q?
5
Suppose -3*b = -g + 4563, -24 + 15 = 3*b. What is the hundreds digit of g?
5
What is the units digit of 15/2*(-4896)/(-54)?
0
Let u be (5 - 5)/4 + 0. Suppose u = c - 2*c + 165. What is the hundreds digit of c?
1
What is the tens digit of 0/2 + (499 - -7)*1?
0
Suppose 0 = -c + 6*c. Suppose -2*v + 6*v - 28 = c. What is the units digit of v?
7
Let o(v) = 163*v**2 - 3*v - 7. Let y(s) = -54*s**2 + s + 2. Let p(f) = -2*o(f) - 7*y(f). Let u be p(1). Let w = u + -35. What is the units digit of w?
6
Let f(b) = b - 19. Let k(x) = -x + 10. Let p(q) = 3*f(q) + 5*k(q). What is the units digit of p(-4)?
1
Suppose 31*r - 6812 + 457 = 0. What is the hundreds digit of r?
2
Let z(f) = 2*f**2 + 29*f + 27. Let o be z(-14). Suppose -6*a = -o*a + 378. What is the tens digit of a?
5
Let a = -89 + 89. Suppose a = -15*l + 1768 + 92. What is the units digit of l?
4
Suppose 2*b - 110 + 120 = 0. Let v(p) = -2*p - 6*p + 4*p + 7. What is the tens digit of v(b)?
2
Let z(j) = 227*j - 6. What is the hundreds digit of z(1)?
2
Let h = -42 + 47. Suppose u - 642 = -h*u. What is the tens digit of u?
0
Suppose 4*x + 33 = 45. Let f(l) = 31*l - 17. What is the units digit of f(x)?
6
Suppose 4*r + c - 6*c = 40, 0 = 3*r - 2*c - 23. What is the tens digit of 0 + 15 - r*(-2)/(-5)?
1
Let f(j) = 2*j - 12. Suppose 5*l = 2*x + 21 + 34, -4*l = -3*x - 37. Let u = l - 4. What is the units digit of f(u)?
6
Suppose 3*h = 3*c - 4308, -2*c + 4*h + 250 = -2618. What is the tens digit of c?
3
Suppose -8*m + 18*m = 13920. Suppose 0 = 5*q - m - 53. What is the units digit of q?
9
Let p = 85 + -32. Suppose -395 + p = -6*a. What is the units digit of a?
7
Let x(a) = 23*a + 3. Let m be x(13). Suppose 2*p + 3*f = 83, 5*p + 111 - m = -2*f. Suppose 2*o + p = d, -6*d + d + 4*o = -167. What is the units digit of d?
1
Suppose -3*i + 8 - 20 = 0. Let f(g) = -g + 14. Let q be f(13). What is the units digit of (-37 + q)*(i - -3)?
6
Suppose -5*a = -915 - 6930. What is the thousands digit of a?
1
Let c(p) = -p + 11. Let q be c(-5). What is the units digit of q/1*9/(-12)*-4?
8
Suppose 5*p + 2091 = -8*f + 10*f, -3119 = -3*f + 4*p. What is the tens digit of f?
3
Let w(i) = 6*i**2 - 4*i + 2. What is the hundreds digit of w(-7)?
3
Let w = -165 + 0. Let u = w + 330. Suppose u = 5*p - 0*p. What is the tens digit of p?
3
Let s = 101 + -69. Suppose 0 = -l + 5*b + s, 0 = -0*l - 2*l - b + 9. Let o(i) = 7*i + 10. What is the tens digit of o(l)?
5
Let h = 33 - 29. What is the tens digit of 52 + (3 - 3 - h)?
4
Suppose 50*b - 24 = 47*b. Suppose -b*z - 318 = -878. What is the tens digit of z?
7
Suppose -7*t - 480 = -15*t. Suppose 2*h - t = 210. What is the tens digit of h?
3
Suppose 0*x - 36 = -x. Suppose -u - 22 = -4*w, -2*w + 5*u + 18 = u. Suppose 45 = w*p + 5*f, -p - 4*f = -5*p + x. What is the units digit of p?
9
Suppose -1947 = 6*q - 9*q + 4*x, -4*q - 2*x = -2618. What is the tens digit of q?
5
Let y = 58 + -54. Let x(j) = 8*j + 10. What is the units digit of x(y)?
2
Let b = 44 - 30. Let u be (b/21)/(4/(-78)). Let i = u + 19. What is the units digit of i?
6
Suppose 0 = -4*w - 2*s + 11972, 542*w - 546*w - s = -11970. What is the hundreds digit of w?
9
Let o(h) be the third derivative of -3*h**2 + 0 + 1/3*h**3 + 0*h - 1/8*h**4 + 1/30*h**5. What is the tens digit of o(3)?
1
Let f(a) = -a**2 - 21*a - 11. What is the units digit of f(-14)?
7
Suppose -2*m + 492 - 358 = 0. Let r(a) = a**3 - 8*a**2 + 9*a - 8. Let s be r(7). Suppose 2*k + 43 = 2*d - m, s = -2*k. What is the units digit of d?
2
Let u(d) = 9*d + d**2 - d**3 - 3*d**2 + 29 - 10*d. Let v(n) = n**2 - 4*n - 5. Let h be v(5). What is the tens digit of u(h)?
2
Suppose -4*g + 6 = -g. Suppose -4*p - 349 = -m - 4*m, g*m - 136 = -2*p. What is the tens digit of m?
6
Let r = 12 - 21. Let y = r - -71. What is the tens digit of y?
6
Suppose 7 + 1 = -2*c. Suppose 44 = 4*p - t, 0 = 5*p + 7*t - 10*t - 62. What is the tens digit of c/p + 291/15?
1
Let u = 41 + -37. Suppose p - y + 266 = u*p, -3*y = 2*p - 168. What is the units digit of p?
0
Let b be (904/3)/4 - (-10)/15. Suppose 39*h + b = 41*h. What is the tens digit of h?
3
Let w = -32 - 0. Let m = w + 22. What is the tens digit of (-6)/m - (-484)/10?
4
Suppose -29 = -2*u - u + 5*k, 5*u - 5*k = 45. Suppose -u*r = -7*r - 3. Suppose -t + r*n + 17 = 0, -t + 54 = 4*n + 2. What is the units digit of t?
2
Let h = -110 + 774. What is the units digit of h?
4
Suppose 0 = 35*h - 31*h - 8. Suppose h*n = -0*n - 5*w + 57, 3*w - 99 = -3*n. What is the tens digit of n?
3
Let f(h) = 5*h**2 + 6*h + 11. Let z be f(-5). Let s be (4 - 2)/((-1)/z). What is the units digit of s/(-8)*(6 - 4)?
3
Let w(k) = -17*k + 11. Let t(m) = -17*m + 11. Let j(x) = 5*t(x) - 4*w(x). Let h(l) = -33*l + 23. Let q(p) = 2*h(p) - 5*j(p). What is the tens digit of q(4)?
6
Let l = 43 + -38. Suppose -2*f = l*b - 84, f - 2*b - 42 = 2*b. What is the tens digit of f?
4
Let h(y) = 4*y**2 + 15*y - 43. What is the hundreds digit of h(10)?
5
Let i be 1*(-8 - -1) + -3. Let w be -3*(-1)/(-2)*2 + 23. Let q = w + i. What is the tens digit of q?
1
Suppose 5*s + 0 = n - 6, 2*s = -2. Suppose -6 = -x - n. Suppose 4*p = x*z - 21, -z = -2*p - 3*p - 21. What is the units digit of z?
1
Let i(l) = -l**3 + 11*l**2 + 12*l - 7. Let j be i(7). Suppose 0 = -9*p - 4*p + j. What is the units digit of p?
1
Suppose i = -f + 28 + 169, -2*f - 992 = -5*i. What is the tens digit of i?
9
Suppose -2*n + 685 = -609. What is the tens digit of n?
4
Let w(q) be the first derivative of -q**4/4 + q**3 + 4*q - 2. Let x be w(3). Suppose -x*m = -3*s + 139, -s = -6*s - 3*m + 280. What is the tens digit of s?
5
What is the hundreds digit of (-93)/124 + (-3526)/(-8)?
4
Suppose 2*y + 4*y - 12 = 0. Suppose 1 = y*r - 7. Suppose -227 = -r*m + 29. What is the units digit of m?
4
Let z(b) = -2*b + 22. Let q be z(10). Suppose -q*y = -6*y + 148. What is the tens digit of y?
3
Suppose -6*m = 32*m - 38228. What is the units digit of m?
6
Suppose 3*o - 9 = 3. Suppose 0*d = -2*d + o*h + 12, -6 = -2*d + h. What is the units digit of (8/d)/(2 + -1)?
4
What is the thousands digit of -7 + -1 + (-90651)/(-33)?
2
Let u = -4 - 5. Let h(r) = -r - 9. Let j be h(u). Suppose -4*f + 3 + 1 = j. What is the units digit of f?
1
Let u = -9 + 11. Let l(s) = 2*s + s**2 + u + s - 2*s - 2*s. What is the units digit of l(5)?
2
Suppose -4*x + 8 = 0, 3*f = 20*x - 19*x + 1630. What is the tens digit of f?
4
Let c(u) = -u**3 + 44*u**2 - 67*u + 244. What is the tens digit of c(42)?
5
Let k = 2638 - 1550. What is the thousands digit of k?
1